[INFO] cloning repository https://github.com/Nerixyz/emote-tool
[INFO] running `Command { std: "git" "-c" "credential.helper=" "-c" "credential.helper=/workspace/cargo-home/bin/git-credential-null" "clone" "--bare" "https://github.com/Nerixyz/emote-tool" "/workspace/cache/git-repos/https%3A%2F%2Fgithub.com%2FNerixyz%2Femote-tool", kill_on_drop: false }`
[INFO] [stderr] Cloning into bare repository '/workspace/cache/git-repos/https%3A%2F%2Fgithub.com%2FNerixyz%2Femote-tool'...
[INFO] running `Command { std: "git" "rev-parse" "HEAD", kill_on_drop: false }`
[INFO] [stdout] c5223e9ace667edcdd45192cb1a130c6e6b1ef7d
[INFO] checking Nerixyz/emote-tool against master#9610dfe5a9a731ced1ea4923ecbd0c57fe367898 for beta-170-4
[INFO] running `Command { std: "git" "clone" "/workspace/cache/git-repos/https%3A%2F%2Fgithub.com%2FNerixyz%2Femote-tool" "/workspace/builds/worker-1-tc1/source", kill_on_drop: false }`
[INFO] [stderr] Cloning into '/workspace/builds/worker-1-tc1/source'...
[INFO] [stderr] done.
[INFO] validating manifest of git repo https://github.com/Nerixyz/emote-tool on toolchain 9610dfe5a9a731ced1ea4923ecbd0c57fe367898
[INFO] running `Command { std: CARGO_HOME="/workspace/cargo-home" RUSTUP_HOME="/workspace/rustup-home" "/workspace/cargo-home/bin/cargo" "+9610dfe5a9a731ced1ea4923ecbd0c57fe367898" "metadata" "--manifest-path" "Cargo.toml" "--no-deps", kill_on_drop: false }`
[INFO] started tweaking git repo https://github.com/Nerixyz/emote-tool
[INFO] finished tweaking git repo https://github.com/Nerixyz/emote-tool
[INFO] tweaked toml for git repo https://github.com/Nerixyz/emote-tool written to /workspace/builds/worker-1-tc1/source/Cargo.toml
[INFO] crate git repo https://github.com/Nerixyz/emote-tool already has a lockfile, it will not be regenerated
[INFO] running `Command { std: CARGO_HOME="/workspace/cargo-home" RUSTUP_HOME="/workspace/rustup-home" "/workspace/cargo-home/bin/cargo" "+9610dfe5a9a731ced1ea4923ecbd0c57fe367898" "fetch" "--manifest-path" "Cargo.toml", kill_on_drop: false }`
[INFO] [stderr]     Updating crates.io index
[INFO] [stderr]  Downloading crates ...
[INFO] [stderr]   Downloaded nasm-rs v0.2.4
[INFO] [stderr]   Downloaded v_frame v0.2.5
[INFO] [stderr]   Downloaded system-deps v3.1.2
[INFO] [stderr]   Downloaded bitstream-io v1.3.0
[INFO] [stderr]   Downloaded vergen v3.2.0
[INFO] [stderr]   Downloaded ffmpeg-sys-next v5.0.1
[INFO] [stderr]   Downloaded rav1e v0.5.1
[INFO] [stderr]   Downloaded ffmpeg-next v5.0.3
[INFO] [stderr]   Downloaded libavif-sys v0.12.1
[INFO] [stderr]   Downloaded indicatif v0.17.0-rc.10
[INFO] [stderr]   Downloaded libwebp-sys v0.5.0
[INFO] [stderr]   Downloaded libaom-sys v0.11.0
[INFO] [stderr]   Downloaded cfg-expr v0.7.4
[INFO] running `Command { std: "docker" "create" "-v" "/var/lib/crater-agent-workspace/builds/worker-1-tc1/target:/opt/rustwide/target:rw,Z" "-v" "/var/lib/crater-agent-workspace/builds/worker-1-tc1/source:/opt/rustwide/workdir:ro,Z" "-v" "/var/lib/crater-agent-workspace/cargo-home:/opt/rustwide/cargo-home:ro,Z" "-v" "/var/lib/crater-agent-workspace/rustup-home:/opt/rustwide/rustup-home:ro,Z" "-e" "SOURCE_DIR=/opt/rustwide/workdir" "-e" "CARGO_TARGET_DIR=/opt/rustwide/target" "-e" "CARGO_HOME=/opt/rustwide/cargo-home" "-e" "RUSTUP_HOME=/opt/rustwide/rustup-home" "-w" "/opt/rustwide/workdir" "-m" "1610612736" "--user" "0:0" "--network" "none" "ghcr.io/rust-lang/crates-build-env/linux@sha256:19e73879b68f455e41552ea35293514db52ea292d993f571636dbffedb77a1ee" "/opt/rustwide/cargo-home/bin/cargo" "+9610dfe5a9a731ced1ea4923ecbd0c57fe367898" "metadata" "--no-deps" "--format-version=1", kill_on_drop: false }`
[INFO] [stdout] 6c7c8384ad61251d6f9381c4eb3631be9fe459d18797f0923f49f1103fe99ac2
[INFO] running `Command { std: "docker" "start" "-a" "6c7c8384ad61251d6f9381c4eb3631be9fe459d18797f0923f49f1103fe99ac2", kill_on_drop: false }`
[INFO] running `Command { std: "docker" "inspect" "6c7c8384ad61251d6f9381c4eb3631be9fe459d18797f0923f49f1103fe99ac2", kill_on_drop: false }`
[INFO] running `Command { std: "docker" "rm" "-f" "6c7c8384ad61251d6f9381c4eb3631be9fe459d18797f0923f49f1103fe99ac2", kill_on_drop: false }`
[INFO] [stdout] 6c7c8384ad61251d6f9381c4eb3631be9fe459d18797f0923f49f1103fe99ac2
[INFO] running `Command { std: "docker" "create" "-v" "/var/lib/crater-agent-workspace/builds/worker-1-tc1/target:/opt/rustwide/target:rw,Z" "-v" "/var/lib/crater-agent-workspace/builds/worker-1-tc1/source:/opt/rustwide/workdir:ro,Z" "-v" "/var/lib/crater-agent-workspace/cargo-home:/opt/rustwide/cargo-home:ro,Z" "-v" "/var/lib/crater-agent-workspace/rustup-home:/opt/rustwide/rustup-home:ro,Z" "-e" "SOURCE_DIR=/opt/rustwide/workdir" "-e" "CARGO_TARGET_DIR=/opt/rustwide/target" "-e" "CARGO_INCREMENTAL=0" "-e" "RUST_BACKTRACE=full" "-e" "RUSTFLAGS=--cap-lints=forbid" "-e" "RUSTDOCFLAGS=--cap-lints=forbid" "-e" "CARGO_HOME=/opt/rustwide/cargo-home" "-e" "RUSTUP_HOME=/opt/rustwide/rustup-home" "-w" "/opt/rustwide/workdir" "-m" "1610612736" "--user" "0:0" "--network" "none" "ghcr.io/rust-lang/crates-build-env/linux@sha256:19e73879b68f455e41552ea35293514db52ea292d993f571636dbffedb77a1ee" "/opt/rustwide/cargo-home/bin/cargo" "+9610dfe5a9a731ced1ea4923ecbd0c57fe367898" "check" "--frozen" "--all" "--all-targets" "--message-format=json", kill_on_drop: false }`
[INFO] [stdout] 9cbc092f6eac9593a2169c71bf677a9dcbb0daa7bf79208980fdfde3c14d5f43
[INFO] running `Command { std: "docker" "start" "-a" "9cbc092f6eac9593a2169c71bf677a9dcbb0daa7bf79208980fdfde3c14d5f43", kill_on_drop: false }`
[INFO] [stderr]    Compiling libc v0.2.121
[INFO] [stderr]    Compiling proc-macro2 v1.0.36
[INFO] [stderr]    Compiling crossbeam-utils v0.8.8
[INFO] [stderr]    Compiling rayon-core v1.9.1
[INFO] [stderr]    Compiling syn v1.0.90
[INFO] [stderr]     Checking cfg-if v1.0.0
[INFO] [stderr]     Checking lazy_static v1.4.0
[INFO] [stderr]    Compiling bitflags v1.3.2
[INFO] [stderr]    Compiling glob v0.3.0
[INFO] [stderr]    Compiling scopeguard v1.1.0
[INFO] [stderr]    Compiling memoffset v0.6.5
[INFO] [stderr]    Compiling crossbeam-epoch v0.9.8
[INFO] [stderr]    Compiling memchr v2.4.1
[INFO] [stderr]    Compiling rayon v1.5.1
[INFO] [stderr]    Compiling num-traits v0.2.14
[INFO] [stderr]    Compiling num-integer v0.1.44
[INFO] [stderr]    Compiling minimal-lexical v0.2.1
[INFO] [stderr]    Compiling semver v1.0.7
[INFO] [stderr]    Compiling libloading v0.7.3
[INFO] [stderr]    Compiling bindgen v0.59.2
[INFO] [stderr]    Compiling shlex v1.1.0
[INFO] [stderr]    Compiling peeking_take_while v0.1.2
[INFO] [stderr]    Compiling rustc-hash v1.1.0
[INFO] [stderr]    Compiling either v1.6.1
[INFO] [stderr]    Compiling lazycell v1.3.0
[INFO] [stderr]    Compiling proc-macro-error-attr v1.0.4
[INFO] [stderr]    Compiling pkg-config v0.3.25
[INFO] [stderr]    Compiling proc-macro-error v1.0.4
[INFO] [stderr]    Compiling rust_hawktracer_proc_macro v0.4.1
[INFO] [stderr]     Checking rust_hawktracer_normal_macro v0.4.1
[INFO] [stderr]    Compiling clang-sys v1.3.1
[INFO] [stderr]    Compiling log v0.4.16
[INFO] [stderr]    Compiling indexmap v1.8.1
[INFO] [stderr]    Compiling aho-corasick v0.7.18
[INFO] [stderr]    Compiling nom v7.1.1
[INFO] [stderr]     Checking crossbeam-channel v0.5.4
[INFO] [stderr]     Checking crossbeam-deque v0.8.1
[INFO] [stderr]    Compiling rustc_version v0.4.0
[INFO] [stderr]    Compiling quote v1.0.17
[INFO] [stderr]     Checking rust_hawktracer v0.7.0
[INFO] [stderr]     Checking regex-syntax v0.6.25
[INFO] [stderr]    Compiling crossbeam-queue v0.3.5
[INFO] [stderr]    Compiling noop_proc_macro v0.3.0
[INFO] [stderr]     Checking num_cpus v1.13.1
[INFO] [stderr]    Compiling jobserver v0.1.24
[INFO] [stderr]    Compiling time v0.1.43
[INFO] [stderr]    Compiling cc v1.0.73
[INFO] [stderr]    Compiling simd_helpers v0.1.0
[INFO] [stderr]    Compiling regex v1.5.5
[INFO] [stderr]    Compiling chrono v0.4.19
[INFO] [stderr]     Checking terminal_size v0.1.17
[INFO] [stderr]     Checking itertools v0.10.3
[INFO] [stderr]     Checking bitstream-io v1.3.0
[INFO] [stderr]     Checking arrayvec v0.7.2
[INFO] [stderr]    Compiling cmake v0.1.48
[INFO] [stderr]     Checking hashbrown v0.11.2
[INFO] [stderr]     Checking once_cell v1.10.0
[INFO] [stderr]    Compiling ffmpeg-next v5.0.3
[INFO] [stderr]    Compiling paste v1.0.7
[INFO] [stderr]     Checking unicode-width v0.1.9
[INFO] [stderr]     Checking os_str_bytes v6.0.0
[INFO] [stderr]     Checking atty v0.2.14
[INFO] [stderr]     Checking termcolor v1.1.3
[INFO] [stderr]     Checking textwrap v0.15.0
[INFO] [stderr]     Checking number_prefix v0.4.0
[INFO] [stderr]     Checking strsim v0.10.0
[INFO] [stderr]     Checking crossbeam v0.8.1
[INFO] [stderr]     Checking hex v0.4.3
[INFO] [stderr]    Compiling libaom-sys v0.11.0
[INFO] [stderr]    Compiling libavif-sys v0.12.1
[INFO] [stderr]    Compiling libwebp-sys v0.5.0
[INFO] [stderr]    Compiling vergen v3.2.0
[INFO] [stderr]     Checking console v0.15.0
[INFO] [stderr]    Compiling cexpr v0.6.0
[INFO] [stderr]     Checking indicatif v0.17.0-rc.10
[INFO] [stderr]    Compiling nasm-rs v0.2.4
[INFO] [stderr]    Compiling rav1e v0.5.1
[INFO] [stderr]    Compiling num-derive v0.3.3
[INFO] [stderr]    Compiling thiserror-impl v1.0.30
[INFO] [stderr]    Compiling arg_enum_proc_macro v0.3.2
[INFO] [stderr]    Compiling clap_derive v3.1.7
[INFO] [stderr]    Compiling concat-idents v1.1.3
[INFO] [stderr]     Checking thiserror v1.0.30
[INFO] [stderr]     Checking v_frame v0.2.5
[INFO] [stderr]    Compiling ffmpeg-sys-next v5.0.1
[INFO] [stderr]     Checking clap v3.1.8
[INFO] [stdout] error[E0061]: this method takes 1 argument but 0 arguments were supplied
[INFO] [stdout]     --> /opt/rustwide/cargo-home/registry/src/index.crates.io-6f17d22bba15001f/rav1e-0.5.1/src/transform/inverse.rs:1611:62
[INFO] [stdout]      |
[INFO] [stdout] 1611 |     let txfm_fn = INV_TXFM_FNS[tx_types_1d.1 as usize][width.ilog() - 3];
[INFO] [stdout]      |                                                              ^^^^-- an argument of type `usize` is missing
[INFO] [stdout]      |
[INFO] [stdout] note: method defined here
[INFO] [stdout]     --> /rustc/9610dfe5a9a731ced1ea4923ecbd0c57fe367898/library/core/src/num/mod.rs:1274:5
[INFO] [stdout]      = note: this error originates in the macro `uint_impl` (in Nightly builds, run with -Z macro-backtrace for more info)
[INFO] [stdout] help: provide the argument
[INFO] [stdout]      |
[INFO] [stdout] 1611 |     let txfm_fn = INV_TXFM_FNS[tx_types_1d.1 as usize][width.ilog(/* usize */) - 3];
[INFO] [stdout]      |                                                                  ~~~~~~~~~~~~~
[INFO] [stdout] 
[INFO] [stdout] 
[INFO] [stdout] error[E0277]: the type `[for<'a, 'b> fn(&'a [i32], &'b mut [i32], usize)]` cannot be indexed by `u32`
[INFO] [stdout]     --> /opt/rustwide/cargo-home/registry/src/index.crates.io-6f17d22bba15001f/rav1e-0.5.1/src/transform/inverse.rs:1611:56
[INFO] [stdout]      |
[INFO] [stdout] 1611 |     let txfm_fn = INV_TXFM_FNS[tx_types_1d.1 as usize][width.ilog() - 3];
[INFO] [stdout]      |                                                        ^^^^^^^^^^^^^^^^ slice indices are of type `usize` or ranges of `usize`
[INFO] [stdout]      |
[INFO] [stdout]      = help: the trait `SliceIndex<[for<'a, 'b> fn(&'a [i32], &'b mut [i32], usize)]>` is not implemented for `u32`
[INFO] [stdout]      = help: the trait `SliceIndex<[T]>` is implemented for `usize`
[INFO] [stdout]      = note: required for `[for<'a, 'b> fn(&'a [i32], &'b mut [i32], usize)]` to implement `std::ops::Index<u32>`
[INFO] [stdout] 
[INFO] [stdout] 
[INFO] [stdout] error[E0061]: this method takes 1 argument but 0 arguments were supplied
[INFO] [stdout]     --> /opt/rustwide/cargo-home/registry/src/index.crates.io-6f17d22bba15001f/rav1e-0.5.1/src/transform/inverse.rs:1637:63
[INFO] [stdout]      |
[INFO] [stdout] 1637 |     let txfm_fn = INV_TXFM_FNS[tx_types_1d.0 as usize][height.ilog() - 3];
[INFO] [stdout]      |                                                               ^^^^-- an argument of type `usize` is missing
[INFO] [stdout]      |
[INFO] [stdout] note: method defined here
[INFO] [stdout]     --> /rustc/9610dfe5a9a731ced1ea4923ecbd0c57fe367898/library/core/src/num/mod.rs:1274:5
[INFO] [stdout]      = note: this error originates in the macro `uint_impl` (in Nightly builds, run with -Z macro-backtrace for more info)
[INFO] [stdout] help: provide the argument
[INFO] [stdout]      |
[INFO] [stdout] 1637 |     let txfm_fn = INV_TXFM_FNS[tx_types_1d.0 as usize][height.ilog(/* usize */) - 3];
[INFO] [stdout]      |                                                                   ~~~~~~~~~~~~~
[INFO] [stdout] 
[INFO] [stdout] 
[INFO] [stdout] error[E0277]: the type `[for<'a, 'b> fn(&'a [i32], &'b mut [i32], usize)]` cannot be indexed by `u32`
[INFO] [stdout]     --> /opt/rustwide/cargo-home/registry/src/index.crates.io-6f17d22bba15001f/rav1e-0.5.1/src/transform/inverse.rs:1637:56
[INFO] [stdout]      |
[INFO] [stdout] 1637 |     let txfm_fn = INV_TXFM_FNS[tx_types_1d.0 as usize][height.ilog() - 3];
[INFO] [stdout]      |                                                        ^^^^^^^^^^^^^^^^^ slice indices are of type `usize` or ranges of `usize`
[INFO] [stdout]      |
[INFO] [stdout]      = help: the trait `SliceIndex<[for<'a, 'b> fn(&'a [i32], &'b mut [i32], usize)]>` is not implemented for `u32`
[INFO] [stdout]      = help: the trait `SliceIndex<[T]>` is implemented for `usize`
[INFO] [stdout]      = note: required for `[for<'a, 'b> fn(&'a [i32], &'b mut [i32], usize)]` to implement `std::ops::Index<u32>`
[INFO] [stdout] 
[INFO] [stdout] 
[INFO] [stdout] error[E0061]: this method takes 1 argument but 0 arguments were supplied
[INFO] [stdout]    --> /opt/rustwide/cargo-home/registry/src/index.crates.io-6f17d22bba15001f/rav1e-0.5.1/src/transform/mod.rs:291:7
[INFO] [stdout]     |
[INFO] [stdout] 291 |   col.ilog() as i8 - row.ilog() as i8
[INFO] [stdout]     |       ^^^^-- an argument of type `usize` is missing
[INFO] [stdout]     |
[INFO] [stdout] note: method defined here
[INFO] [stdout]    --> /rustc/9610dfe5a9a731ced1ea4923ecbd0c57fe367898/library/core/src/num/mod.rs:1274:5
[INFO] [stdout]     = note: this error originates in the macro `uint_impl` (in Nightly builds, run with -Z macro-backtrace for more info)
[INFO] [stdout] help: provide the argument
[INFO] [stdout]     |
[INFO] [stdout] 291 |   col.ilog(/* usize */) as i8 - row.ilog() as i8
[INFO] [stdout]     |           ~~~~~~~~~~~~~
[INFO] [stdout] 
[INFO] [stdout] 
[INFO] [stdout] error[E0061]: this method takes 1 argument but 0 arguments were supplied
[INFO] [stdout]    --> /opt/rustwide/cargo-home/registry/src/index.crates.io-6f17d22bba15001f/rav1e-0.5.1/src/transform/mod.rs:291:26
[INFO] [stdout]     |
[INFO] [stdout] 291 |   col.ilog() as i8 - row.ilog() as i8
[INFO] [stdout]     |                          ^^^^-- an argument of type `usize` is missing
[INFO] [stdout]     |
[INFO] [stdout] note: method defined here
[INFO] [stdout]    --> /rustc/9610dfe5a9a731ced1ea4923ecbd0c57fe367898/library/core/src/num/mod.rs:1274:5
[INFO] [stdout]     = note: this error originates in the macro `uint_impl` (in Nightly builds, run with -Z macro-backtrace for more info)
[INFO] [stdout] help: provide the argument
[INFO] [stdout]     |
[INFO] [stdout] 291 |   col.ilog() as i8 - row.ilog(/* usize */) as i8
[INFO] [stdout]     |                              ~~~~~~~~~~~~~
[INFO] [stdout] 
[INFO] [stdout] 
[INFO] [stdout] error[E0061]: this method takes 1 argument but 0 arguments were supplied
[INFO] [stdout]    --> /opt/rustwide/cargo-home/registry/src/index.crates.io-6f17d22bba15001f/rav1e-0.5.1/src/ec.rs:195:20
[INFO] [stdout]     |
[INFO] [stdout] 195 |     let d = 16 - r.ilog();
[INFO] [stdout]     |                    ^^^^-- an argument of type `u16` is missing
[INFO] [stdout]     |
[INFO] [stdout] note: method defined here
[INFO] [stdout]    --> /rustc/9610dfe5a9a731ced1ea4923ecbd0c57fe367898/library/core/src/num/mod.rs:1101:5
[INFO] [stdout]     = note: this error originates in the macro `uint_impl` (in Nightly builds, run with -Z macro-backtrace for more info)
[INFO] [stdout] help: provide the argument
[INFO] [stdout]     |
[INFO] [stdout] 195 |     let d = 16 - r.ilog(/* u16 */);
[INFO] [stdout]     |                        ~~~~~~~~~~~
[INFO] [stdout] 
[INFO] [stdout] 
[INFO] [stdout] error[E0061]: this method takes 1 argument but 0 arguments were supplied
[INFO] [stdout]    --> /opt/rustwide/cargo-home/registry/src/index.crates.io-6f17d22bba15001f/rav1e-0.5.1/src/ec.rs:233:20
[INFO] [stdout]     |
[INFO] [stdout] 233 |     let d = 16 - r.ilog();
[INFO] [stdout]     |                    ^^^^-- an argument of type `u16` is missing
[INFO] [stdout]     |
[INFO] [stdout] note: method defined here
[INFO] [stdout]    --> /rustc/9610dfe5a9a731ced1ea4923ecbd0c57fe367898/library/core/src/num/mod.rs:1101:5
[INFO] [stdout]     = note: this error originates in the macro `uint_impl` (in Nightly builds, run with -Z macro-backtrace for more info)
[INFO] [stdout] help: provide the argument
[INFO] [stdout]     |
[INFO] [stdout] 233 |     let d = 16 - r.ilog(/* u16 */);
[INFO] [stdout]     |                        ~~~~~~~~~~~
[INFO] [stdout] 
[INFO] [stdout] 
[INFO] [stdout] error[E0061]: this method takes 1 argument but 0 arguments were supplied
[INFO] [stdout]    --> /opt/rustwide/cargo-home/registry/src/index.crates.io-6f17d22bba15001f/rav1e-0.5.1/src/ec.rs:274:20
[INFO] [stdout]     |
[INFO] [stdout] 274 |     let d = 16 - r.ilog();
[INFO] [stdout]     |                    ^^^^-- an argument of type `u16` is missing
[INFO] [stdout]     |
[INFO] [stdout] note: method defined here
[INFO] [stdout]    --> /rustc/9610dfe5a9a731ced1ea4923ecbd0c57fe367898/library/core/src/num/mod.rs:1101:5
[INFO] [stdout]     = note: this error originates in the macro `uint_impl` (in Nightly builds, run with -Z macro-backtrace for more info)
[INFO] [stdout] help: provide the argument
[INFO] [stdout]     |
[INFO] [stdout] 274 |     let d = 16 - r.ilog(/* u16 */);
[INFO] [stdout]     |                        ~~~~~~~~~~~
[INFO] [stdout] 
[INFO] [stdout] 
[INFO] [stdout] error[E0061]: this method takes 1 argument but 0 arguments were supplied
[INFO] [stdout]    --> /opt/rustwide/cargo-home/registry/src/index.crates.io-6f17d22bba15001f/rav1e-0.5.1/src/ec.rs:587:20
[INFO] [stdout]     |
[INFO] [stdout] 587 |     let d = 16 - r.ilog();
[INFO] [stdout]     |                    ^^^^-- an argument of type `u32` is missing
[INFO] [stdout]     |
[INFO] [stdout] note: method defined here
[INFO] [stdout]    --> /rustc/9610dfe5a9a731ced1ea4923ecbd0c57fe367898/library/core/src/num/mod.rs:1150:5
[INFO] [stdout]     = note: this error originates in the macro `uint_impl` (in Nightly builds, run with -Z macro-backtrace for more info)
[INFO] [stdout] help: provide the argument
[INFO] [stdout]     |
[INFO] [stdout] 587 |     let d = 16 - r.ilog(/* u32 */);
[INFO] [stdout]     |                        ~~~~~~~~~~~
[INFO] [stdout] 
[INFO] [stdout] 
[INFO] [stdout] error[E0061]: this method takes 1 argument but 0 arguments were supplied
[INFO] [stdout]     --> /opt/rustwide/cargo-home/registry/src/index.crates.io-6f17d22bba15001f/rav1e-0.5.1/src/deblock.rs:1584:37
[INFO] [stdout]      |
[INFO] [stdout] 1584 |     input.planes[0].plane_cfg.width.ilog()
[INFO] [stdout]      |                                     ^^^^-- an argument of type `usize` is missing
[INFO] [stdout]      |
[INFO] [stdout] note: method defined here
[INFO] [stdout]     --> /rustc/9610dfe5a9a731ced1ea4923ecbd0c57fe367898/library/core/src/num/mod.rs:1274:5
[INFO] [stdout]      = note: this error originates in the macro `uint_impl` (in Nightly builds, run with -Z macro-backtrace for more info)
[INFO] [stdout] help: provide the argument
[INFO] [stdout]      |
[INFO] [stdout] 1584 |     input.planes[0].plane_cfg.width.ilog(/* usize */)
[INFO] [stdout]      |                                         ~~~~~~~~~~~~~
[INFO] [stdout] 
[INFO] [stdout] 
[INFO] [stdout] error[E0061]: this method takes 1 argument but 0 arguments were supplied
[INFO] [stdout]     --> /opt/rustwide/cargo-home/registry/src/index.crates.io-6f17d22bba15001f/rav1e-0.5.1/src/deblock.rs:1585:42
[INFO] [stdout]      |
[INFO] [stdout] 1585 |       + input.planes[0].plane_cfg.height.ilog()
[INFO] [stdout]      |                                          ^^^^-- an argument of type `usize` is missing
[INFO] [stdout]      |
[INFO] [stdout] note: method defined here
[INFO] [stdout]     --> /rustc/9610dfe5a9a731ced1ea4923ecbd0c57fe367898/library/core/src/num/mod.rs:1274:5
[INFO] [stdout]      = note: this error originates in the macro `uint_impl` (in Nightly builds, run with -Z macro-backtrace for more info)
[INFO] [stdout] help: provide the argument
[INFO] [stdout]      |
[INFO] [stdout] 1585 |       + input.planes[0].plane_cfg.height.ilog(/* usize */)
[INFO] [stdout]      |                                              ~~~~~~~~~~~~~
[INFO] [stdout] 
[INFO] [stdout] 
[INFO] [stdout] error[E0061]: this method takes 1 argument but 0 arguments were supplied
[INFO] [stdout]     --> /opt/rustwide/cargo-home/registry/src/index.crates.io-6f17d22bba15001f/rav1e-0.5.1/src/encoder.rs:3056:39
[INFO] [stdout]      |
[INFO] [stdout] 3056 |   let max_tile_size_bytes = ((max_len.ilog() + 7) / 8) as u32;
[INFO] [stdout]      |                                       ^^^^-- an argument of type `usize` is missing
[INFO] [stdout]      |
[INFO] [stdout] note: method defined here
[INFO] [stdout]     --> /rustc/9610dfe5a9a731ced1ea4923ecbd0c57fe367898/library/core/src/num/mod.rs:1274:5
[INFO] [stdout]      = note: this error originates in the macro `uint_impl` (in Nightly builds, run with -Z macro-backtrace for more info)
[INFO] [stdout] help: provide the argument
[INFO] [stdout]      |
[INFO] [stdout] 3056 |   let max_tile_size_bytes = ((max_len.ilog(/* usize */) + 7) / 8) as u32;
[INFO] [stdout]      |                                           ~~~~~~~~~~~~~
[INFO] [stdout] 
[INFO] [stdout] 
[INFO] [stdout] error[E0061]: this method takes 1 argument but 0 arguments were supplied
[INFO] [stdout]     --> /opt/rustwide/cargo-home/registry/src/index.crates.io-6f17d22bba15001f/rav1e-0.5.1/src/me.rs:1071:17
[INFO] [stdout]      |
[INFO] [stdout] 1071 |     2 * d.abs().ilog() as u32
[INFO] [stdout]      |                 ^^^^-- an argument of type `i16` is missing
[INFO] [stdout]      |
[INFO] [stdout] note: method defined here
[INFO] [stdout]     --> /rustc/9610dfe5a9a731ced1ea4923ecbd0c57fe367898/library/core/src/num/mod.rs:320:5
[INFO] [stdout]      = note: this error originates in the macro `int_impl` (in Nightly builds, run with -Z macro-backtrace for more info)
[INFO] [stdout] help: provide the argument
[INFO] [stdout]      |
[INFO] [stdout] 1071 |     2 * d.abs().ilog(/* i16 */) as u32
[INFO] [stdout]      |                     ~~~~~~~~~~~
[INFO] [stdout] 
[INFO] [stdout] 
[INFO] [stdout] error[E0061]: this method takes 1 argument but 0 arguments were supplied
[INFO] [stdout]    --> /opt/rustwide/cargo-home/registry/src/index.crates.io-6f17d22bba15001f/rav1e-0.5.1/src/rate.rs:237:17
[INFO] [stdout]     |
[INFO] [stdout] 237 |   let ipart = w.ilog() as i32 - 1;
[INFO] [stdout]     |                 ^^^^-- an argument of type `i64` is missing
[INFO] [stdout]     |
[INFO] [stdout] note: method defined here
[INFO] [stdout]    --> /rustc/9610dfe5a9a731ced1ea4923ecbd0c57fe367898/library/core/src/num/mod.rs:366:5
[INFO] [stdout]     = note: this error originates in the macro `int_impl` (in Nightly builds, run with -Z macro-backtrace for more info)
[INFO] [stdout] help: provide the argument
[INFO] [stdout]     |
[INFO] [stdout] 237 |   let ipart = w.ilog(/* i64 */) as i32 - 1;
[INFO] [stdout]     |                     ~~~~~~~~~~~
[INFO] [stdout] 
[INFO] [stdout] 
[INFO] [stdout] error: aborting due to 15 previous errors
[INFO] [stdout] 
[INFO] [stdout] 
[INFO] [stdout] Some errors have detailed explanations: E0061, E0277.
[INFO] [stdout] 
[INFO] [stdout] For more information about an error, try `rustc --explain E0061`.
[INFO] [stdout] 
[INFO] [stderr] error: could not compile `rav1e` (lib) due to 16 previous errors
[INFO] [stderr] warning: build failed, waiting for other jobs to finish...
[INFO] running `Command { std: "docker" "inspect" "9cbc092f6eac9593a2169c71bf677a9dcbb0daa7bf79208980fdfde3c14d5f43", kill_on_drop: false }`
[INFO] running `Command { std: "docker" "rm" "-f" "9cbc092f6eac9593a2169c71bf677a9dcbb0daa7bf79208980fdfde3c14d5f43", kill_on_drop: false }`
[INFO] [stdout] 9cbc092f6eac9593a2169c71bf677a9dcbb0daa7bf79208980fdfde3c14d5f43
